Let i(v) be the second derivative of -v**4/12 + v**3/2 - 2*v**2 + 2*v. Suppose -6*s - 52 = -196. Let k = s - 21. Calculate i(k).
-4
Suppose 3*g = 7*g - 16. Let b(r) = -7*r**2 + 1 + r**3 - 2*r**2 + g*r**2 + r. Let w be (1 + 0)*7 - 5. Give b(w).
-9
Let i(d) = 2*d + 1. Let m(a) = a - 1. Let h(z) = -i(z) + 3*m(z). Suppose 0 = 3*k + 5*w - 17, -3*k + 8 = 3*w - 1. Let x = 2 - k. Determine h(x).
-1
Suppose 5*z = 4*b + 356, 0*b = 3*z - 4*b - 212. Suppose -7*o + z = -3*o. Let k(u) = -5*u + 6 - o - 5*u**2 + u**3 + 12. Calculate k(6).
6
Let t(x) = -3*x - 3. Let o(v) = v**3 - v**2 - 4*v + 5. Let r be o(3). Let z(y) = y**3 - 12*y**2 + 12*y - 7. Let n be z(r). Determine t(n).
-15
Let f(d) = -11*d**3 - 11*d - 2*d + 13*d + 5*d**3. Determine f(-1).
6
Let g(d) = 2*d - 2*d - 5 + d. Suppose 0 = -5*m + 4*s - 146, s = -m + 5*s - 42. Let t = 26 + m. Give g(t).
-5
Let r(y) be the third derivative of -y**6/120 - y**5/12 - y**4/24 - y**3/3 - 536*y**2. Suppose 1 = -w - 4*a, -5*w - a - 2*a = 22. Calculate r(w).
3
Let z(a) be the first derivative of -a**4/4 + 11*a**3/3 + 9*a**2/2 + 15*a + 17. Determine z(12).
-21
Let t(z) = -6*z + 4. Let n = -40 - -52. Suppose -n = 2*s - 6*s. What is t(s)?
-14
Let q be (-1)/((-3)/48*-4). Let a be ((-6)/q)/(3/10). Suppose 0*u - 5*u - a = 0. Let w(m) = -3*m. Determine w(u).
3
Let u(x) = x - 7. Let w(n) = -7*n + 12. Let p be w(0). Let s be u(p). Let m(y) = -y**3 + 5*y**2 - 2*y + 5. Determine m(s).
-5
Let g = 4 - 1. Let f(t) be the second derivative of t**5/20 - t**4/4 + t**3/2 + 3*t**2/2 + 296*t. Give f(g).
12
Let k(y) = -y**3 + 9*y**2 + 12*y - 15. Let t be -3 + (0 - 73) + -1. Let l = t - -87. Determine k(l).
5
Let v(q) = -46*q**2 + q. Let s = -2 - -3. Give v(s).
-45
Let f(b) be the second derivative of b**5/20 + b**4/4 - b**3/3 + b**2 + 2*b - 23. Determine f(-3).
8
Let c(q) = -q - 4. Suppose 0 = -w - 3*w. Let y be (-3 + 1 - w)/2. Let v be y/((1 + 3)/12). Give c(v).
-1
Suppose 4*l - l = 60. Let i = l + -17. Suppose 2*w = -i*w + 30. Let r(c) = -c**2 + 7*c - 5. Determine r(w).
1
Let h(g) be the third derivative of -g**6/120 - g**5/20 - g**4/6 - g**3/3 - 2*g**2. Let b be h(-2). Let t(s) = b + s + 3*s - 5*s. Determine t(4).
-2
Let r(j) = 16*j**3 + 61*j**2 + 56*j. Let i(s) = 3*s**3 + 12*s**2 + 11*s. Let x(f) = 11*i(f) - 2*r(f). Determine x(-9).
0
Let h(g) be the first derivative of g**2/2 + 9*g - 1. Let z be (6/(-15))/(6*5/300). Let n be (-20)/z + 0 - 5. Calculate h(n).
9
Let i(t) = -t + 5. Let k(w) = 60*w - 351. Let q be k(6). Determine i(q).
-4
Suppose -2*i + u + 11 = 0, -5*i + 3*u + 23 = -4. Let r(f) = -f**3 + 8*f**2 - 11*f + 2. Calculate r(i).
8
Suppose q = i - q + 5, 2*q = 4*i + 50. Let l = -29 - i. Let m be 10/(-3)*21/l. Let c(a) = -a**3 + 5*a**2 - a - 4. Give c(m).
-9
Let k(b) = 12*b - 50 - 3*b + 62. Give k(-5).
-33
Let l(n) be the second derivative of n**8/6720 - n**7/504 - n**6/360 + 7*n**5/120 - n**4/2 - 21*n. Let r(t) be the third derivative of l(t). Determine r(5).
-3
Let f(t) = -t + 5. Let u = 232 + -232. What is f(u)?
5
Suppose -a = 6*x - x - 14, -x = a - 10. Let p(y) = -4*y + 22*y + 15*y**2 - 7*y - 1 - a*y. Let n(w) = -w**3 + 5*w**2 - 5*w + 5. Let d be n(4). What is p(d)?
16
Let b = 29 + -27. Suppose -b*l + 10 = -0*l. Let v(s) = -s**2 + 7*s - 7. Determine v(l).
3
Let c(z) = -3*z - 2. Let f(b) = 7*b**2 - 4*b - 1. Let i be f(1). Give c(i).
-8
Let d(c) = -c**3 + 5*c**2 - 1. Let x(v) = -v**2 + 11*v + 2. Let h be x(11). Let u be 1*(-5)/h*-2. Let s be d(u). Let y(l) = 6*l - 1. Give y(s).
-7
Suppose 5*w + 4*t - 27 = 0, -4*w + 5 = -2*t - 1. Suppose -5*g = -2*g - w. Let u(x) = 14*x + 23. Let k(n) = 5*n + 8. Let a(q) = -17*k(q) + 6*u(q). What is a(g)?
1
Let l(x) = -x**3 - 5*x**2 - 1. Suppose 0 = 5*t - 5*y + 33 + 7, 0 = -t - 4*y + 12. Give l(t).
-17
Let z(m) = m**2 + 13*m + 5. Let t be z(-8). Let x = 39 + t. Let d(s) be the first derivative of s**2 + 2*s - 1. Calculate d(x).
10
Let b(j) be the third derivative of -j**5/15 + j**4/12 - 412*j**2. Calculate b(3).
-30
Let q(s) = -17*s - 2*s**2 - 23*s + 1 - 1 + 15*s - 12. Give q(-12).
0
Let c(y) = -2*y**2 - 2*y + 8. Let o(s) = s**2 + s + 1. Let q(r) = r**3 - 3*r**2 - 4*r - 1. Let p be q(4). Let x(g) = p*c(g) - 3*o(g). What is x(0)?
-11
Let k(a) be the third derivative of -a**6/120 + a**5/5 + 7*a**4/12 - 7*a**3/6 - 8*a**2. Let h be k(13). Let r(q) = q**2 - 7*q + 7. Determine r(h).
1
Let w(d) = 9 + 2 + 2 + 4*d - 7 - 4. Calculate w(3).
14
Let v(w) = 13*w + 3 - 1 - 12*w. Suppose -4*s + 19 = 5*r, -r + 2*s = r - 4. Let q be 15*(r - (-16)/(-6)). Calculate v(q).
7
Let y(x) = 2*x**2 + 3*x + 1. Let n be (2 - 5)/(6 + -5). Calculate y(n).
10
Suppose 5378*y - 5352*y - 234 = 0. Let q(j) be the third derivative of j**6/120 - j**5/6 + 3*j**4/8 + j**3/6 - j**2. Give q(y).
1
Let z(r) = r - 12. Let x(a) = -a + 11. Let n(v) = -6*x(v) - 5*z(v). Let u(d) = -d**3 + 8*d**2 + 11*d - 10. Let g be u(9). What is n(g)?
2
Suppose 0 = 42*l - 47*l + 45. Let r(b) = b - 3. What is r(l)?
6
Let t(w) = 0 - 1166*w**2 + 2329*w**2 + 2 - 1162*w**2 - w**3. Suppose -o + 3*o = 4. Suppose -4 = -0*m - o*m. Calculate t(m).
-2
Let u(v) = v. Let w(h) = 3*h**2 - 45*h. Let z be w(15). Determine u(z).
0
Let v(p) = -2 - 30 + 5 + p. Let x be v(20). Let g(o) = o**2 + 7*o + 7. What is g(x)?
7
Let d(f) be the second derivative of -1/6*f**3 + 0 + f**2 - 15*f. Give d(-10).
12
Let g(z) = -2*z**2 + 23*z - 12. Suppose -3*c + 0*c = 5*x - 70, -3*x + 2*c = -23. Give g(x).
-1
Let r(k) = 2*k**2 + k**3 + k - 3*k - 3*k**2. Let t = -98 + 100. Suppose -5*f = t*v - 0*v + 18, v = 2*f. Calculate r(f).
-8
Let d(s) = -2*s + 10. Let q(u) = -3*u + 13. Let w(k) = -6*d(k) + 5*q(k). Calculate w(2).
-1
Let g(t) = t**3 + 10*t**2 - 9*t + 8. Let j = 235 + -246. What is g(j)?
-14
Let y(a) = -4*a - 1. Suppose -3*x + t = -49, 2*x = -0*x - 4*t + 28. Let v = -20 + x. What is y(v)?
15
Let f(t) = -276 + 115 + t + 145. Calculate f(9).
-7
Let f(s) = -3*s**2 - 6*s - 7. Let x = -215 - -210. What is f(x)?
-52
Let q be ((-120)/(-16) + -7)*0. Let k(v) be the third derivative of -7*v**2 + q + 0*v + 1/24*v**4 + 0*v**3. Calculate k(3).
3
Let q(t) = 2*t**2 + t. Let s be (-2)/8 - (-258)/(-24). Let p = -10 - s. Determine q(p).
3
Let t(f) = 17*f - 128. Let n(x) = 4*x - 27. Let y(b) = -9*n(b) + 2*t(b). Calculate y(-8).
3
Let z(v) = v**2 - 3*v - 1. Let o be z(4). Suppose -p = o*p + 8. Let l(i) be the second derivative of -i**3/6 - 3*i**2/2 - 105*i. What is l(p)?
-1
Let w be 0 + 0 + -1 + 0. Let o(g) be the first derivative of 5*g**4/4 + 2*g**3/3 - g + 937. Calculate o(w).
-4
Let n = -6 - -12. Let p be n/((-9)/(-3)) - 0. Let k(u) = p*u - 4 + 3 - 36*u**3 + 41*u**3. Calculate k(1).
6
Let t(r) = r - 1. Let a(j) = 4*j - 8. Let w(u) = a(u) - t(u). Suppose 0 = -5*l + 14 + 11. Let f be (l*-1)/(5/(-6)). Give w(f).
11
Let o(v) be the first derivative of -v**3/3 + 7*v**2/2 - 4*v + 333. Calculate o(5).
6
Let z(n) = n + 55. Let l = -1437 + 1437. Calculate z(l).
55
Let h(q) be the first derivative of q**4/4 - 2*q**3/3 + q**2 + q - 854. Suppose -8 = -2*r + 6*r. Determine h(r).
-19
Let h(d) be the first derivative of -d**3 + 1/12*d**4 + 2 + 2*d**2 - 3*d. Let b(s) be the first derivative of h(s). Calculate b(5).
-1
Let w(l) = -12*l**3 - l - 1. Let k(n) = -n**3 - 4*n**2 - 4*n - 4. Suppose -2*t = -h + 6*h - 4, 0 = -5*t + 5*h - 25. Let d be k(t). Calculate w(d).
12
Let k(x) = -x**3 + 3*x**2. Let w be 6 - (1 - (-18)/6). What is k(w)?
4
Let g = -6 - -5. Let w be (-2 - 18/3)*g. Let o(q) = -w*q + 2*q - 2*q + 3 + q**2 + 4. What is o(5)?
-8
Let x(o) = -102 + 56 + 46 - 5*o**2. Determine x(-1).
-5
Let j(n) be the second derivative of 0 - 5/6*n**3 - 1/2*n**2 + n - 1/60*n**5 + 5/24*n**4. Let o(d) be the first derivative of j(d). What is o(5)?
-5
Let z(b) be the third derivative of 2/3*b**3 - 1/120*b**6 - 2 - 1/12*b**5 + 0*b - 1/8*b**4 - 7*b**2. Suppose -5*f - 1 = -a + 14, 5*f - 4*a = 0. Calculate z(f).
0
Let v(b) = b + 3. Suppose j - 29 = -3*f - 15, 0 = -j + 2*f + 4. Give v(j).
11
Let q(y) = 8*y**3 - 12*y**2 - 3*y + 2. Let g(n) = -23*n**3 + 33*n**2 + 8*n - 6. Let z(o) = 4*g(o) + 11*q(o). Determine z(-2).
32
Let m(c) = -c + 8. Let u(p) = p. Let d(o) = -m(o) - 2*u(o). Let g(j) = -1. Let n(w) = d(w) - 3*g(w). What is n(-4)?
-1
Let q(x) = -x**2 - x + 6. Let d be 3*(1 - 0/(-4)). Suppose d*j + 2*t = t - 4, -5*j = -3*t - 12. Calculate q(